4)) composite?
True
Suppose c = -2*o + 32, -3*c = -2*o - 102 - 10. Let m be (2/4)/(2/c). Let k = -2 + m. Is k a prime number?
True
Let x(c) = -855*c**3 + c**2 - c - 1. Let o be x(-1). Suppose 3*m - 300 - 544 = 5*k, -3*m = -2*k - o. Let f = m - 169. Is f a composite number?
True
Let t(o) = 31*o - 1. Let f be t(2). Let a = f - 24. Is a a prime number?
True
Let y(k) = -k**3 - k**2 + 2*k - 5. Let g be (12/2)/2 + -2. Suppose g + 14 = -3*a. Is y(a) prime?
False
Suppose -4*w = 3*a - 1046, 0 = 5*w - 5*a - 782 - 543. Is w composite?
False
Suppose -6139 + 19782 = 7*s. Is s prime?
True
Suppose -80 = -3*k + 25. Is k a composite number?
True
Let a = 10 - -4. Is a a composite number?
True
Suppose -3*v + 4996 = 4*s - 0*v, 0 = v. Is s a prime number?
True
Let v(f) = -f**2 - 6*f - 2. Let x be v(9). Suppose 4*q = -q - 450. Let j = q - x. Is j a composite number?
False
Suppose -u - 42 = 29. Let o = u + 130. Is o a composite number?
False
Let b(s) be the third derivative of -s**6/120 - 13*s**5/60 - 13*s**4/24 - 5*s**3/2 - 3*s**2. Let m be b(-12). Is (-72)/m + (1 - 0) prime?
False
Let u = 52 - -13. Is u a composite number?
True
Suppose 0*j = 5*j + 10. Let p = -8 - j. Is ((-2)/(-4))/(p/(-444)) a composite number?
False
Let q = -4889 + 8248. Is q a prime number?
True
Let f be 0*2/4 - 1. Let p = f + -1. Let l(b) = -7*b**3 - 3*b**2 - 2*b - 1. Is l(p) a composite number?
False
Let j = -88 - -175. Let q = j - 40. Suppose 2*o + 4*v = 46, -5*v = o - 4*o + q. Is o composite?
False
Is (-2721*8/12)/(-4 - -2) prime?
True
Let g = 66 + -46. Is 3/5 + 12928/g a prime number?
True
Let x = -13 - -10. Is (x - 10*2)/(-1) a prime number?
True
Let x = 20 - -13. Let z = x - -340. Is z composite?
False
Let u = -19 + 36. Let x(s) = s**3 + 3*s**2 + 2*s + 2. Let w be x(-3). Let z = w + u. Is z a composite number?
False
Let b be (-94)/(-8) - (-1)/4. Suppose 5*y - b = 3*y. Let s(j) = -j**3 + 6*j**2 + 5*j - 9. Is s(y) a composite number?
True
Is (-1 - 0)*(1 + -128) prime?
True
Let q = 36 - -1. Is (q*-1)/(-5 + 4) composite?
False
Suppose 4*i + 9 = 1. Let y be (5/(-1))/(-1 - i). Let h(n) = -4*n**3 - 4*n**2 - 4*n - 5. Is h(y) composite?
True
Suppose 4*h - q - 3*q + 328 = 0, 5*h = 4*q - 415. Is (-3)/3*-4 - h prime?
False
Is (6544/(-6) + -2)*(-15)/10 prime?
False
Suppose 0 = 3*r + 6*g - 2*g - 479, -2*r = -g - 312. Is r a composite number?
False
Is (-4 + -352)/(-3 + 1) a prime number?
False
Let c(k) = 93*k + 1. Let p be (2/(-4))/((-8)/32). Is c(p) a prime number?
False
Let j = -1129 + 3380. Is j prime?
True
Let p(t) = -t**3 + 7*t**2 - 4*t + 3. Let v(b) = -7*b**2 + b. Let g be v(-1). Let m = g - -14. Is p(m) a composite number?
True
Suppose 2*v - 94 = 12. Is v a prime number?
True
Let s(t) = -6*t + 4. Is s(-9) prime?
False
Let a(y) = y**3 - 20*y**2 + 14*y - 3. Let i be a(10). Let v = 1312 + i. Is v composite?
False
Is (-1 + 20/8)/(12/2344) composite?
False
Let a(i) = 3 - 5 + 1 + 0 - 49*i. Is a(-6) a composite number?
False
Suppose u - i + 11 = -3*i, 2*i + 31 = -5*u. Let s = 3 + u. Is ((-1)/s)/(4/712) prime?
True
Suppose -3*d - d = -4. Is d/(1 + 130/(-131)) composite?
False
Is (-1152)/(-4) - 2 - -3 prime?
False
Suppose -a - 586 = -3*a. Is a prime?
True
Suppose -8 = -4*f + 3*f. Suppose -3*p + f = r, -4 = 4*p - 5*r - 21. Suppose p*m = u - 151, -2*m = 3*u + 2*m - 479. Is u a composite number?
False
Let x(r) = 9*r**2 + 14*r + 5. Is x(6) prime?
False
Let y(l) = -l**3 - 4*l**2 - 8*l - 5. Let n be y(-5). Suppose 4*f = -0*f + n. Is f composite?
True
Suppose 5*q - 2*z - 3504 = q, -4*q = 3*z - 3514. Is q a composite number?
False
Let f be 1 + 0/2 - -1. Suppose 63 = 5*h - f*h. Is h prime?
False
Suppose -3*b + 1614 = 3*l, -513 - 545 = -2*l + 4*b. Is l composite?
True
Let x(y) = 7*y. Let n(l) = -l + 1. Let q(k) = -3*n(k) + x(k). Is q(9) prime?
False
Let w = -29 + 86. Is w prime?
False
Suppose z + 3*z = 1192. Is z composite?
True
Let f(b) = b**2 - 5*b + 6. Let n be f(4). Let j be n*(-2)/(-4)*-43. Let r = 22 - j. Is r a prime number?
False
Let c = 1297 + 596. Is c a prime number?
False
Suppose -10*f + 12*f = 298. Is f a composite number?
False
Let m(d) = d - 7. Let x be m(0). Let c(z) = -3*z**3 - 5*z**2 + 4*z - 7. Is c(x) a composite number?
True
Let d(j) = 41*j - 4. Suppose -4*a + 8 = -2*a + f, a + f = 5. Suppose -4*s + 11 + 13 = a*r, r - 7 = -s. Is d(s) prime?
False
Let b = 10 - 6. Suppose -i + b*y + 85 = -10, 0 = -2*y - 2. Is i prime?
False
Let g = -1331 - -1884. Is g a prime number?
False
Let g be (2 + 291)*(-3 + 2). Let q = 508 + g. Suppose l = -4*l + q. Is l a prime number?
True
Let y = 16 + -26. Let g(p) = -18*p + 11. Is g(y) prime?
True
Let a(t) be the second derivative of -19*t**3/3 + t**2/2 - t. Is a(-3) prime?
False
Let s(l) = -4*l - 113. Let w(b) = 5*b + 113. Let n(g) = -3*s(g) - 2*w(g). Is n(0) a composite number?
False
Let x(y) = y**3 - 3*y**2 + 2*y - 4. Let z be x(3). Let a be z/8 - (-507)/(-12). Is (-1)/2 + a/(-12) a prime number?
True
Suppose 7*t = 3*t - 24. Let z be 2/3 - 7964/t. Suppose 15 - 40 = -5*q, -4*n = -4*q - z. Is n a composite number?
False
Let i be (-60)/(-8)*716/5. Let l = i - 547. Is l composite?
True
Let d be (2/4)/((-1)/8). Is 514*(-1 + (-6)/d) a composite number?
False
Suppose 5*i + 5*r = 1335, 0 = -i - 5*r + 231 + 52. Is i prime?
True
Let u(a) = a**3 + 3*a**2 + 9*a + 6. Is u(11) a composite number?
True
Let b = 87 - 52. Is b a composite number?
True
Suppose -a - 4*c + 175 = 0, 4*a - 269 = 2*c + 395. Is a a prime number?
True
Is (-3)/(-12) - (-7350)/8 a prime number?
True
Let a(g) = 15*g**3 + 3*g**2 - 3*g - 5. Is a(4) a prime number?
True
Let v be (-1 - (-3)/(-1))/(-1). Suppose v*t - 4*z = 280, 4*t - 214 = t - z. Is t prime?
True
Let l be (-3*5)/(9/(-30)). Let h = l + 69. Is h composite?
True
Let w(m) = -m - 13. Let y be w(-8). Let c = y + 10. Suppose 3*b - 5 = -2*b, 2*k = c*b + 23. Is k a prime number?
False
Suppose 4*m - 9 = -2*v - v, -m - 2 = 5*v. Suppose m*i + 5*s = 13 + 3, -6 = -3*s. Is i/(-7) - 415/(-7) a prime number?
True
Let b(m) = -3 + 1 + 3 + 0 + 81*m. Is b(2) a composite number?
False
Let p(j) = -53*j. Is p(-1) a composite number?
False
Let k = -101 - -70. Suppose 4*v + 130 = -118. Let p = k - v. Is p prime?
True
Suppose 1225 = 5*t - 540. Is t prime?
True
Suppose 1708 = 3*c - 5*x, -5*x - 2 = -22. Suppose -6*m + 1266 = -c. Is m a composite number?
False
Let l(v) = v**2 - 2*v - 18*v**3 + 2 - v - 4*v**2. Let w be l(-3). Suppose 2*q + 3*r - 168 = r, 5*q - 5*r = w. Is q prime?
True
Is (5 + -4)/((-1)/(-87)) a composite number?
True
Let i = 271 + 148. Is i prime?
True
Suppose -x = 5*k - 20, 4*k - 5*k + 4 = -5*x. Suppose 5*y + 127 = 4*l, x = l + l + 4*y - 70. Is l a prime number?
False
Let a(b) = b - 1. Let w be a(5). Suppose -5*t = -w*d - 179, 4*t - 79 = -3*d + 58. Is t a composite number?
True
Suppose -x - 6 = -0*x. Let j be ((-72)/20)/(x/20). Suppose -86 = -2*f - j. Is f prime?
True
Let h(g) = 710*g**2 + 2*g - 3. Is h(1) prime?
True
Let d = 57 + -16. Suppose 2*q + 0*p - 24 = 3*p, -5*q - 2*p + d = 0. Suppose q*k = 4*k - m + 260, -5*m = k - 28. Is k prime?
True
Suppose 4*y - 5*p - 1299 = 0, -3*y - 5*p = -p - 1013. Is y composite?
False
Suppose -z + 1907 = 2*z + 2*d, -3*z + d + 1904 = 0. Is z prime?
False
Let j be -3 - (1 + -98 + 1). Let s be (2/4)/((-2)/(-8)). Suppose s*t = -t + j. Is t composite?
False
Let y(b) = -2*b**2 + 4*b - 2. Let t be y(2). Is 53/(2/(-4)*t) a composite number?
False
Let t be 4/6*6/(-2). Let p be t*1/(-2) + -1. Let c(w) = -w**2 + w + 55. Is c(p) composite?
True
Suppose 0 = -8*d + 3*d + 15. Suppose d*s - 4*s = 1. Is s/((-28)/26 - -1) prime?
True
Let c(v) = v**3 + 21*v**2 + 31*v + 58. Is c(-19) a composite number?
False
Suppose 10 = -5*o + m, -2*o + 3*m + 1 + 8 = 0. Let d(t) = -2*t**2 + 2*t. Let q be d(o). Is (-1 + -1 + q)/(-1) a composite number?
True
Let p = -12 - -15. Suppose -p*b + 86 = -79. Is b prime?
False
Suppose -4*t - 1 = -o + 241, 9 = 3*t. Is o prime?
False
Suppose -f = -1149 - 448. Is f a prime number?
True
Suppose -3*s + 6678 = -5*r, 0 = 2*r - 0*r - 6. Is s a composite number?
True
Suppose -5*k + 579 = g, -2*g - 3*k + 1497 = 367. Is g composite?
True
Let t be (3 - (-1 - -5)) + -38. Let x = -16 - t. Is x composite?
False
Suppose 4*t - 110 = -2*m + 8*t, 0 = -t. Is m prime?
False
Let d be 48*2 + -1 + 1. Suppose 0 = -2*v + 5*s + 101, -4*v + 5*